{"id":6624,"date":"2025-09-05T09:56:20","date_gmt":"2025-09-05T07:56:20","guid":{"rendered":"https:\/\/inprincipo2024.inprincipo.com\/?page_id=6624"},"modified":"2025-11-10T08:41:20","modified_gmt":"2025-11-10T07:41:20","slug":"edgy-le-langage-universel-de-la-simplexite","status":"publish","type":"page","link":"https:\/\/inprincipo2024.inprincipo.com\/index.php\/edgy-le-langage-universel-de-la-simplexite\/","title":{"rendered":"EDGY, le langage universel de la simplexit\u00e9"},"content":{"rendered":"\n<h2 class=\"wp-block-heading\"><strong>En quoi un langage visuel peut-il \u00eatre une source d\u2019intelligence collective ?<\/strong><\/h2>\n\n\n\n<p class=\"has-poppins-font-family\" style=\"font-size:clamp(0.875rem, 0.875rem + ((1vw - 0.2rem) * 0.244), 1rem);font-style:normal;font-weight:300;letter-spacing:1%\">Une carte est un r\u00e9ducteur de complexit\u00e9. Pour organiser un d\u00e9placement dans une ville vous pouvez d\u00e9crire l\u2019itin\u00e9raire en mode texte (c\u2019est long et pas clair), utiliser des cartes pr\u00e9cises et diff\u00e9rentes pour chaque sujet (les routes, les arbres, les restaurants, les monuments) ou utiliser un seul et m\u00eame plan avec plusieurs natures de symboles et de rep\u00e8res intuitifs, instantan\u00e9ment compr\u00e9hensibles.<\/p>\n\n\n\n<p class=\"has-poppins-font-family\" style=\"font-size:clamp(0.875rem, 0.875rem + ((1vw - 0.2rem) * 0.244), 1rem);font-style:normal;font-weight:300;letter-spacing:1%\">Pour appr\u00e9hender la complexit\u00e9 des r\u00e9alit\u00e9s et des dimensions d\u2019une entreprise en \u00e9volution, vous avez EDGY. Derri\u00e8re ces quatre lettres se profile la r\u00e9volution du Design Syst\u00e9mique d\u2019Organisation. EDGY, un langage universel, open source, qui permet d\u2019aller loin sur la compr\u00e9hension syst\u00e9mique, le sens, les lignes de forces, les axes de d\u00e9veloppement. Et loin ensuite, dans la pr\u00e9cision technique des projets \u00e0 r\u00e9aliser.<\/p>\n\n\n\n<p class=\"has-poppins-font-family\" style=\"font-size:clamp(0.875rem, 0.875rem + ((1vw - 0.2rem) * 0.244), 1rem);font-style:normal;font-weight:300;letter-spacing:1%\">Quelle est l\u2019originalit\u00e9 de cette approche&nbsp;? En quoi est-ce une r\u00e9volution dans la mani\u00e8re de conduire les \u00e9volutions&nbsp;? Pourquoi cette pratique devient-elle cruciale \u00e0 un moment o\u00f9 des bouleversements profonds questionnent la nature de nos organisations&nbsp;?<\/p>\n\n\n\n<h2 class=\"wp-block-heading\"><strong>Les approches classiques sont de plus en plus limit\u00e9es pour \u00e9voluer dans la complexit\u00e9<\/strong><\/h2>\n\n\n\n<p class=\"has-poppins-font-family\" style=\"font-size:clamp(0.875rem, 0.875rem + ((1vw - 0.2rem) * 0.244), 1rem);font-style:normal;font-weight:300;letter-spacing:1%\">Quand une entreprise cherche \u00e0 \u00e9voluer, elle r\u00e9alise un audit, m\u00e8ne des enqu\u00eates dans plusieurs domaines&nbsp;: les m\u00e9tiers cartographient leurs processus, les RH produisent des organigrammes et parfois des cartes des talents ou dynamiques culturelles, les informaticiens proposent de nombreuses repr\u00e9sentations techniques, chaque grande comp\u00e9tence de l\u2019entreprise cr\u00e9e ses propres repr\u00e9sentations. C\u2019est long, c\u2019est cher.<\/p>\n\n\n\n<p class=\"has-poppins-font-family\" style=\"font-size:clamp(0.875rem, 0.875rem + ((1vw - 0.2rem) * 0.244), 1rem);font-style:normal;font-weight:300;letter-spacing:1%\">D\u2019autant qu\u2019aucune partie prenante ne comprend vraiment ce qui se joue chez les autres et globalement. &nbsp;<\/p>\n\n\n\n<p class=\"has-poppins-font-family\" style=\"font-size:clamp(0.875rem, 0.875rem + ((1vw - 0.2rem) * 0.244), 1rem);font-style:normal;font-weight:300;letter-spacing:1%\">C\u2019est ici qu\u2019interviennent diff\u00e9rentes professions d\u2019accompagnement qui apportent chacune un niveau de r\u00e9ponse croissant avec toujours quelques limites.<\/p>\n\n\n\n<p class=\"has-poppins-font-family\" style=\"font-size:clamp(0.875rem, 0.875rem + ((1vw - 0.2rem) * 0.244), 1rem);font-style:normal;font-weight:300;letter-spacing:1%\"><strong>Les consultants experts. <\/strong>Tr\u00e8s intelligents, ils se donnent pour mission de dig\u00e9rer la complexit\u00e9 par leur expertise. Ils travaillent des synth\u00e8ses tr\u00e8s compactes pour que leurs interlocuteurs, les directions g\u00e9n\u00e9rales, acc\u00e8dent \u00e0 une compr\u00e9hension d\u2019ensemble pour prendre une d\u00e9cision. Les acteurs de terrain, n\u2019ayant que peu souvent acc\u00e8s au raisonnement tenu, vivent mal la conduite du changement. La mise en \u0153uvre n\u00e9cessite alors une \u00ab&nbsp;certaine \u00e9nergie hi\u00e9rarchique&nbsp;\u00bb.<\/p>\n\n\n\n<p class=\"has-poppins-font-family\" style=\"font-size:clamp(0.875rem, 0.875rem + ((1vw - 0.2rem) * 0.244), 1rem);font-style:normal;font-weight:300;letter-spacing:1%\"><strong>Les facilitateurs.<\/strong> Plus r\u00e9cents, ils permettent au collectif de parties prenantes, par des questionnements et des repr\u00e9sentations coconstruites, de d\u00e9velopper une compr\u00e9hension partag\u00e9e, un projet collectif, de g\u00e9n\u00e9rer des initiatives pertinentes associ\u00e9es \u00e0 une dynamique d\u2019engagement. Reste alors \u00e0 mettre en \u0153uvre le projet global port\u00e9 par diff\u00e9rentes parties prenantes qui, chacune dans leur domaine d\u2019expertise, utilisent des repr\u00e9sentations de natures diff\u00e9rentes. La transformation, pour d\u00e9passer ces \u00e9carts, a besoin d\u2019\u00eatre \u00ab&nbsp;facilit\u00e9e&nbsp;\u00bb de bout en bout, ce que les entreprises ne sont pas toujours pr\u00eates \u00e0 payer.<\/p>\n\n\n\n<p class=\"has-poppins-font-family\" style=\"font-size:clamp(0.875rem, 0.875rem + ((1vw - 0.2rem) * 0.244), 1rem);font-style:normal;font-weight:300;letter-spacing:1%\"><strong>Et c\u2019est ici qu\u2019arrive EDGY<\/strong> : un langage graphique simple, visuel et multidisciplinaire permettant de mod\u00e9liser l\u2019entreprise de mani\u00e8re holistique et accessible \u00e0 chacun. L\u2019id\u00e9e initiale est simple&nbsp;: repr\u00e9senter tous les champs de r\u00e9alit\u00e9 dans un m\u00eame espace visuel, simple, ludique, auto explicite.<\/p>\n\n\n\n<h2 class=\"wp-block-heading\"><strong>EDGY : un outil de mod\u00e9lisation syst\u00e9mique de design d&rsquo;entreprise et d&rsquo;intelligence collective<\/strong><\/h2>\n\n\n\n<h2 class=\"wp-block-heading\" style=\"font-size:clamp(0.875rem, 0.875rem + ((1vw - 0.2rem) * 0.244), 1rem);\">EDGY propose une repr\u00e9sentation globale avec des cercles, des intersections, des relations et des interd\u00e9pendances :<\/h2>\n\n\n\n<ul class=\"wp-block-list\">\n<li class=\"has-poppins-font-family\" style=\"font-size:clamp(0.875rem, 0.875rem + ((1vw - 0.2rem) * 0.244), 1rem);font-style:normal;font-weight:300;letter-spacing:1%\">Le cercle identit\u00e9 rassemble les fondamentaux de l\u2019entreprise<\/li>\n\n\n\n<li class=\"has-poppins-font-family\" style=\"font-size:clamp(0.875rem, 0.875rem + ((1vw - 0.2rem) * 0.244), 1rem);font-style:normal;font-weight:300;letter-spacing:1%\">Le cercle architecture rassemble tous ses aspects, m\u00e9tiers, processus, structures<\/li>\n\n\n\n<li class=\"has-poppins-font-family\" style=\"font-size:clamp(0.875rem, 0.875rem + ((1vw - 0.2rem) * 0.244), 1rem);font-style:normal;font-weight:300;letter-spacing:1%\">Le cercle exp\u00e9rience rassemble ce que l\u2019entreprise offre \u00e0 ses destinataires.<\/li>\n<\/ul>\n\n\n\n<figure class=\"wp-block-image size-large\"><img data-recalc-dims=\"1\" loading=\"lazy\" decoding=\"async\" width=\"1024\" height=\"920\" src=\"https:\/\/i0.wp.com\/inprincipo2024.inprincipo.com\/wp-content\/uploads\/2025\/11\/EDGY-3.0-Ang-Fr-Cadre-1-1.jpg?resize=1024%2C920&#038;ssl=1\" alt=\"\" class=\"wp-image-7268\" srcset=\"https:\/\/i0.wp.com\/inprincipo2024.inprincipo.com\/wp-content\/uploads\/2025\/11\/EDGY-3.0-Ang-Fr-Cadre-1-1.jpg?resize=1024%2C920&amp;ssl=1 1024w, https:\/\/i0.wp.com\/inprincipo2024.inprincipo.com\/wp-content\/uploads\/2025\/11\/EDGY-3.0-Ang-Fr-Cadre-1-1.jpg?resize=300%2C269&amp;ssl=1 300w, https:\/\/i0.wp.com\/inprincipo2024.inprincipo.com\/wp-content\/uploads\/2025\/11\/EDGY-3.0-Ang-Fr-Cadre-1-1.jpg?resize=768%2C690&amp;ssl=1 768w, https:\/\/i0.wp.com\/inprincipo2024.inprincipo.com\/wp-content\/uploads\/2025\/11\/EDGY-3.0-Ang-Fr-Cadre-1-1.jpg?resize=1536%2C1379&amp;ssl=1 1536w, https:\/\/i0.wp.com\/inprincipo2024.inprincipo.com\/wp-content\/uploads\/2025\/11\/EDGY-3.0-Ang-Fr-Cadre-1-1.jpg?resize=2048%2C1839&amp;ssl=1 2048w\" sizes=\"auto, (max-width: 1000px) 100vw, 1000px\" \/><\/figure>\n\n\n\n<p class=\"has-poppins-font-family\" style=\"font-size:clamp(0.875rem, 0.875rem + ((1vw - 0.2rem) * 0.244), 1rem);font-style:normal;font-weight:300;letter-spacing:1%\">Entre ces cercles, des intersections, avec la marque, le produit, l\u2019organisation\u2026 Sur cette base un ensemble de symboles descripteurs&nbsp;: les gens, les t\u00e2ches, les liens, les relations, les outils, etc\u2026 A partir de l\u00e0 de multiples repr\u00e9sentations particuli\u00e8res qui permettent de descendre en profondeur toujours de mani\u00e8re reli\u00e9e aux diff\u00e9rents champs de r\u00e9alit\u00e9.<\/p>\n\n\n\n<p class=\"has-poppins-font-family\" style=\"font-size:clamp(0.875rem, 0.875rem + ((1vw - 0.2rem) * 0.244), 1rem);font-style:normal;font-weight:300;letter-spacing:1%\">Avantage&nbsp;: une repr\u00e9sentation rapide et commune de la complexit\u00e9, des \u00e9mergences acc\u00e9l\u00e9r\u00e9es, des collaborations interdisciplinaires renforc\u00e9es, des projets qui d\u00e9livrent, des transformations qui vont au bout.<\/p>\n\n\n\n<p class=\"has-poppins-font-family\" style=\"font-size:clamp(0.875rem, 0.875rem + ((1vw - 0.2rem) * 0.244), 1rem);font-style:normal;font-weight:300;letter-spacing:1%\">EDGY n\u2019a pas vocation \u00e0 remplacer les langages sp\u00e9cialis\u00e9s, mais \u00e0 offrir un niveau d\u2019abstraction commun o\u00f9 diff\u00e9rents experts (architectes, designers, analystes, d\u00e9cideurs\u2026) peuvent travailler ensemble de mani\u00e8re coh\u00e9rente.<\/p>\n\n\n\n<p class=\"has-poppins-font-family\" style=\"font-size:clamp(0.875rem, 0.875rem + ((1vw - 0.2rem) * 0.244), 1rem);font-style:normal;font-weight:300;letter-spacing:1%\">L\u2019id\u00e9e d\u2019EDGY est apparue au milieu des ann\u00e9es 2000 chez Milan Guenther, alors confront\u00e9 \u00e0 des probl\u00e9matiques d\u2019ERP chez un c\u00e9l\u00e8bre \u00e9diteur. Il observait les projets en souffrance, chaque service \u00e9tant un silo culturel, chaque r\u00e9alit\u00e9 \u00e9tant enferm\u00e9e dans un langage sp\u00e9cifique. Les personnes ne se comprenaient pas, les tensions emp\u00eachaient de faire \u00e9merger les solutions. Le co\u00fbt observ\u00e9 de ces dysfonctionnements \u00e9tait \u00e9norme.<\/p>\n\n\n\n<p class=\"has-poppins-font-family\" style=\"font-size:clamp(0.875rem, 0.875rem + ((1vw - 0.2rem) * 0.244), 1rem);font-style:normal;font-weight:300;letter-spacing:1%\">Alors Milan Guenther imagine l\u2019id\u00e9al, travaille avec d\u2019autres, \u00e9crit un livre. En 2014, il cr\u00e9e l\u2019Intersection Group, une association pour promouvoir ce travail en mode open source. Une communaut\u00e9 se d\u00e9veloppe, enrichit et acc\u00e9l\u00e8re la d\u00e9marche. En 2023, EDGY est un langage open source qui commence \u00e0 \u00eatre adopt\u00e9 par une vari\u00e9t\u00e9 d\u2019accompagnants.<\/p>\n\n\n\n<p class=\"has-poppins-font-family\" style=\"font-size:clamp(0.875rem, 0.875rem + ((1vw - 0.2rem) * 0.244), 1rem);font-style:normal;font-weight:300;letter-spacing:1%\">Con\u00e7us par des designers d\u2019entreprise, EDGY devient un outil tr\u00e8s puissant dans les mains de facilitateurs strat\u00e9giques qui ont pour finalit\u00e9 de d\u00e9velopper de permettre aux organisations et aux \u00e9cosyst\u00e8mes accompagn\u00e9s de g\u00e9n\u00e9rer et de mettre en \u0153uvre leur propre trajectoire d\u2019\u00e9volution.<\/p>\n\n\n\n<p class=\"has-poppins-font-family\" style=\"font-size:clamp(0.875rem, 0.875rem + ((1vw - 0.2rem) * 0.244), 1rem);font-style:normal;font-weight:300;letter-spacing:1%\">Et que dire si designers d\u2019entreprise et facilitateurs strat\u00e9giques travaillent ensemble&nbsp;? Le collectif s\u2019approprie plus vite ses enjeux et ses d\u00e9fis, devient acteur de sa propre complexit\u00e9, g\u00e9n\u00e9rateur de son cap, moteur de son projet collectif et cr\u00e9ateur de sa propre puissance d\u2019agir.<\/p>\n","protected":false},"excerpt":{"rendered":"<p>En quoi un langage visuel peut-il \u00eatre une source d\u2019intelligence collective ? Une carte est un r\u00e9ducteur de complexit\u00e9. Pour organiser un d\u00e9placement dans une ville vous pouvez d\u00e9crire l\u2019itin\u00e9raire en mode texte (c\u2019est long et pas clair), utiliser des cartes pr\u00e9cises et diff\u00e9rentes pour chaque sujet (les routes, les arbres, les restaurants, les monuments) [&hellip;]<\/p>\n","protected":false},"author":2,"featured_media":6629,"parent":0,"menu_order":0,"comment_status":"closed","ping_status":"closed","template":"","meta":{"_themeisle_gutenberg_block_has_review":false,"footnotes":""},"class_list":["post-6624","page","type-page","status-publish","has-post-thumbnail","hentry"],"jetpack-related-posts":[{"id":867,"url":"https:\/\/inprincipo2024.inprincipo.com\/index.php\/mentions-legales\/","url_meta":{"origin":6624,"position":0},"title":"Mentions l\u00e9gales","author":"In Principo","date":"7 octobre 2024","format":false,"excerpt":"\u00c9diteur IN PRINCIPO SASSi\u00e8ge social\u00a0: 60 rue de Richelieu 75002 PARISRCS PARIS 488\u00a0877\u00a0044N\u00b0 TVA\u00a0: FR68488877044Capital\u00a0: 74.400\u00a0\u20acDirecteur de la publication\u00a0: Olivier R\u00e9audT\u00e9l. +33 (0)1\u00a053\u00a005\u00a099\u00a075Email\u00a0:\u00a0contact@inprincipo.com Propri\u00e9t\u00e9 Intellectuelle et Industrielle Le site ainsi que ses contenus, notamment les textes, photographies, images et sons, sont la propri\u00e9t\u00e9 exclusive de In Principo et ce dans\u2026","rel":"","context":"Article similaire","block_context":{"text":"Article similaire","link":""},"img":{"alt_text":"","src":"","width":0,"height":0},"classes":[]},{"id":345,"url":"https:\/\/inprincipo2024.inprincipo.com\/index.php\/lafarge-ciments\/","url_meta":{"origin":6624,"position":1},"title":"LAFARGE CIMENTS","author":"In Principo","date":"10 septembre 2024","format":false,"excerpt":"R\u00e9inventer la performance de l\u2019entreprise par une r\u00e9invention de l\u2019offre m\u00e9tier Si la d\u00e9croissance d\u2019une activit\u00e9 peut poser des probl\u00e8mes, le retour \u00e0 la croissance parfois pose de vrais dilemmes qui peuvent devenir bloquant et m\u00eame diviser une entreprise. C\u2019est ce qui est arriv\u00e9 \u00e0 Lafarge Ciments. Apr\u00e8s plusieurs ann\u00e9es\u2026","rel":"","context":"Article similaire","block_context":{"text":"Article similaire","link":""},"img":{"alt_text":"","src":"","width":0,"height":0},"classes":[]},{"id":6532,"url":"https:\/\/inprincipo2024.inprincipo.com\/index.php\/pourquoi-in-principo-lance-puissancia\/","url_meta":{"origin":6624,"position":2},"title":"Pourquoi In Principo et &amp;Friends lancent PuissancIA\u00a0?","author":"Olivier Reaud","date":"3 septembre 2025","format":false,"excerpt":"L\u2019IA est plus qu\u2019une innovation. C\u2019est pour l\u2019homme un changement majeur dans son rapport au monde. C'est pour les organisations une immense opportunit\u00e9 d'\u00e9volution. Seulement, force est de constater que les espoirs, les r\u00eaves, ne deviennent pas tout de suite r\u00e9alit\u00e9. Si les usages individuels d\u00e9collent, les projets collectifs sont\u2026","rel":"","context":"Article similaire","block_context":{"text":"Article similaire","link":""},"img":{"alt_text":"","src":"https:\/\/i0.wp.com\/inprincipo2024.inprincipo.com\/wp-content\/uploads\/2025\/09\/Bandeau-PuissancIA-site-Texte.png?resize=350%2C200&ssl=1","width":350,"height":200,"srcset":"https:\/\/i0.wp.com\/inprincipo2024.inprincipo.com\/wp-content\/uploads\/2025\/09\/Bandeau-PuissancIA-site-Texte.png?resize=350%2C200&ssl=1 1x, https:\/\/i0.wp.com\/inprincipo2024.inprincipo.com\/wp-content\/uploads\/2025\/09\/Bandeau-PuissancIA-site-Texte.png?resize=525%2C300&ssl=1 1.5x, https:\/\/i0.wp.com\/inprincipo2024.inprincipo.com\/wp-content\/uploads\/2025\/09\/Bandeau-PuissancIA-site-Texte.png?resize=700%2C400&ssl=1 2x, https:\/\/i0.wp.com\/inprincipo2024.inprincipo.com\/wp-content\/uploads\/2025\/09\/Bandeau-PuissancIA-site-Texte.png?resize=1050%2C600&ssl=1 3x"},"classes":[]},{"id":1107,"url":"https:\/\/inprincipo2024.inprincipo.com\/index.php\/la-facilitation-strategique\/","url_meta":{"origin":6624,"position":3},"title":"LA FACILITATION STRAT\u00c9GIQUE","author":"In Principo","date":"15 octobre 2024","format":false,"excerpt":"LA FACILITATION STRAT\u00c9GIQUE TRANSITIONS, INCERTITUDES, TURBULENCES LES DYNAMIQUES COLLABORATIVES In Principo en France www.inprincipo.com In Principo Paris60 rue de Richelieu75002 PARIS+33 1 53 05 99 75 In Principo Lyon3 cours Charlemagne69003 LYON In Principo Hauts de FranceCampus AGROTECHSquare Eug\u00e8ne Thomas\u00a059780 Willems\u00a0 In Principo Maine(en cours) La facilitation strat\u00e9gique est la\u2026","rel":"","context":"Article similaire","block_context":{"text":"Article similaire","link":""},"img":{"alt_text":"","src":"https:\/\/i0.wp.com\/inprincipo2024.inprincipo.com\/wp-content\/uploads\/2025\/03\/Facilitation-Strategique-Concept.png?resize=350%2C200&ssl=1","width":350,"height":200,"srcset":"https:\/\/i0.wp.com\/inprincipo2024.inprincipo.com\/wp-content\/uploads\/2025\/03\/Facilitation-Strategique-Concept.png?resize=350%2C200&ssl=1 1x, https:\/\/i0.wp.com\/inprincipo2024.inprincipo.com\/wp-content\/uploads\/2025\/03\/Facilitation-Strategique-Concept.png?resize=525%2C300&ssl=1 1.5x, https:\/\/i0.wp.com\/inprincipo2024.inprincipo.com\/wp-content\/uploads\/2025\/03\/Facilitation-Strategique-Concept.png?resize=700%2C400&ssl=1 2x, https:\/\/i0.wp.com\/inprincipo2024.inprincipo.com\/wp-content\/uploads\/2025\/03\/Facilitation-Strategique-Concept.png?resize=1050%2C600&ssl=1 3x, https:\/\/i0.wp.com\/inprincipo2024.inprincipo.com\/wp-content\/uploads\/2025\/03\/Facilitation-Strategique-Concept.png?resize=1400%2C800&ssl=1 4x"},"classes":[]},{"id":576,"url":"https:\/\/inprincipo2024.inprincipo.com\/index.php\/qui-sommes-nous\/","url_meta":{"origin":6624,"position":4},"title":"QUI SOMMES-NOUS ?","author":"In Principo","date":"18 septembre 2024","format":false,"excerpt":"QUI SOMMES-NOUS ? L'\u00c9QUIPE UN PEU D'HISTOIRE NOS PARTENAIRES In Principo en France www.inprincipo.com In Principo Paris60 rue de Richelieu75002 PARIS+33 1 53 05 99 75 In Principo Lyon3 cours Charlemagne69003 LYON In Principo Hauts de FranceCampus AGROTECHSquare Eug\u00e8ne Thomas\u00a059780 Willems\u00a0 Nous croyons, dans un monde en transition, turbulent et\u2026","rel":"","context":"Article similaire","block_context":{"text":"Article similaire","link":""},"img":{"alt_text":"","src":"","width":0,"height":0},"classes":[]},{"id":1131,"url":"https:\/\/inprincipo2024.inprincipo.com\/index.php\/les-formations\/","url_meta":{"origin":6624,"position":5},"title":"LES FORMATIONS","author":"In Principo","date":"15 octobre 2024","format":false,"excerpt":"LA M\u00c9THODE LES ACCOMPAGNEMENTS LES FORMATIONS LES PROGRAMMES In Principo en France www.inprincipo.com In Principo Paris60 rue de Richelieu75002 PARIS+33 1 53 05 99 75 In Principo Lyon3 cours Charlemagne69003 LYON In Principo Hauts de FranceCampus AGROTECHSquare Eug\u00e8ne Thomas\u00a059780 WILLEMS\u00a0 Depuis 2011, In Principo d\u00e9veloppe des formations \u00e0 destination de\u2026","rel":"","context":"Article similaire","block_context":{"text":"Article similaire","link":""},"img":{"alt_text":"","src":"https:\/\/i0.wp.com\/inprincipo2024.inprincipo.com\/wp-content\/uploads\/2025\/07\/250711-INPACADEMYA-Catalogue2025-ModulCubes-Couverture2.png?resize=350%2C200&ssl=1","width":350,"height":200,"srcset":"https:\/\/i0.wp.com\/inprincipo2024.inprincipo.com\/wp-content\/uploads\/2025\/07\/250711-INPACADEMYA-Catalogue2025-ModulCubes-Couverture2.png?resize=350%2C200&ssl=1 1x, https:\/\/i0.wp.com\/inprincipo2024.inprincipo.com\/wp-content\/uploads\/2025\/07\/250711-INPACADEMYA-Catalogue2025-ModulCubes-Couverture2.png?resize=525%2C300&ssl=1 1.5x, https:\/\/i0.wp.com\/inprincipo2024.inprincipo.com\/wp-content\/uploads\/2025\/07\/250711-INPACADEMYA-Catalogue2025-ModulCubes-Couverture2.png?resize=700%2C400&ssl=1 2x"},"classes":[]}],"jetpack_sharing_enabled":true,"_links":{"self":[{"href":"https:\/\/inprincipo2024.inprincipo.com\/index.php\/wp-json\/wp\/v2\/pages\/6624","targetHints":{"allow":["GET"]}}],"collection":[{"href":"https:\/\/inprincipo2024.inprincipo.com\/index.php\/wp-json\/wp\/v2\/pages"}],"about":[{"href":"https:\/\/inprincipo2024.inprincipo.com\/index.php\/wp-json\/wp\/v2\/types\/page"}],"author":[{"embeddable":true,"href":"https:\/\/inprincipo2024.inprincipo.com\/index.php\/wp-json\/wp\/v2\/users\/2"}],"replies":[{"embeddable":true,"href":"https:\/\/inprincipo2024.inprincipo.com\/index.php\/wp-json\/wp\/v2\/comments?post=6624"}],"version-history":[{"count":6,"href":"https:\/\/inprincipo2024.inprincipo.com\/index.php\/wp-json\/wp\/v2\/pages\/6624\/revisions"}],"predecessor-version":[{"id":7269,"href":"https:\/\/inprincipo2024.inprincipo.com\/index.php\/wp-json\/wp\/v2\/pages\/6624\/revisions\/7269"}],"wp:featuredmedia":[{"embeddable":true,"href":"https:\/\/inprincipo2024.inprincipo.com\/index.php\/wp-json\/wp\/v2\/media\/6629"}],"wp:attachment":[{"href":"https:\/\/inprincipo2024.inprincipo.com\/index.php\/wp-json\/wp\/v2\/media?parent=6624"}],"curies":[{"name":"wp","href":"https:\/\/api.w.org\/{rel}","templated":true}]}}