{"id":585,"date":"2024-09-18T09:42:10","date_gmt":"2024-09-18T07:42:10","guid":{"rendered":"http:\/\/inprincipo2024.inprincipo.com\/?page_id=585"},"modified":"2025-02-18T17:12:38","modified_gmt":"2025-02-18T16:12:38","slug":"l-evolution","status":"publish","type":"page","link":"https:\/\/inprincipo2024.inprincipo.com\/index.php\/l-evolution\/","title":{"rendered":"L&rsquo;\u00c9VOLUTION"},"content":{"rendered":"","protected":false},"excerpt":{"rendered":"","protected":false},"author":1,"featured_media":0,"parent":0,"menu_order":0,"comment_status":"closed","ping_status":"closed","template":"wp-custom-template-page-performance","meta":{"_themeisle_gutenberg_block_has_review":false,"footnotes":""},"class_list":["post-585","page","type-page","status-publish","hentry"],"jetpack-related-posts":[{"id":7173,"url":"https:\/\/inprincipo2024.inprincipo.com\/index.php\/formation-edgy-104-concevoir-un-plan-devolution-avec-edgy\/","url_meta":{"origin":585,"position":0},"title":"Formation EDGY #104 \u00ab\u00a0Concevoir un plan d&rsquo;\u00e9volution avec EDGY\u00a0\u00bb","author":"Olivier Reaud","date":"5 novembre 2025","format":false,"excerpt":"Comment codesigner concr\u00e8tement un projet d\u2019\u00e9volution avec EDGY ? Cette formation enseigne comment passer de l'analyse port\u00e9e par les parties prenantes au plan d'action cod\u00e9finit et engag\u00e9 par une d\u00e9cision collective. Plus les enjeux d\u2019un projet sont complexes, plus les parties prenantes jouent leurs int\u00e9r\u00eats et questionnent le projet avec\u2026","rel":"","context":"Article similaire","block_context":{"text":"Article similaire","link":""},"img":{"alt_text":"","src":"https:\/\/i0.wp.com\/inprincipo2024.inprincipo.com\/wp-content\/uploads\/2025\/11\/Cartouche-Carre-EDGY104-Mars-2026.png?resize=350%2C200&ssl=1","width":350,"height":200,"srcset":"https:\/\/i0.wp.com\/inprincipo2024.inprincipo.com\/wp-content\/uploads\/2025\/11\/Cartouche-Carre-EDGY104-Mars-2026.png?resize=350%2C200&ssl=1 1x, https:\/\/i0.wp.com\/inprincipo2024.inprincipo.com\/wp-content\/uploads\/2025\/11\/Cartouche-Carre-EDGY104-Mars-2026.png?resize=525%2C300&ssl=1 1.5x, https:\/\/i0.wp.com\/inprincipo2024.inprincipo.com\/wp-content\/uploads\/2025\/11\/Cartouche-Carre-EDGY104-Mars-2026.png?resize=700%2C400&ssl=1 2x"},"classes":[]},{"id":1842,"url":"https:\/\/inprincipo2024.inprincipo.com\/index.php\/evoluer-ensemble-strategiquement-maintenant\/","url_meta":{"origin":585,"position":1},"title":"\u00c9voluer ensemble strat\u00e9giquement, maintenant\u00a0!","author":"In Principo","date":"18 f\u00e9vrier 2025","format":false,"excerpt":"Ce postulat vient \u00e0 l\u2019inverse de tout ce qui a \u00e9t\u00e9 dit d\u2019un monde en transition o\u00f9 l\u2019important \u00e9tait de travailler sur une vision \u00e0 long terme, \u00e0 l\u2019inverse de ce qui fait la force d\u2019une marque ou de la construction d\u2019un capital confiance par la coh\u00e9rence d\u2019engagements tenus dans\u2026","rel":"","context":"Article similaire","block_context":{"text":"Article similaire","link":""},"img":{"alt_text":"","src":"","width":0,"height":0},"classes":[]},{"id":525,"url":"https:\/\/inprincipo2024.inprincipo.com\/index.php\/des-transformations-epuisantes-aux-transformations-regeneratrices\/","url_meta":{"origin":585,"position":2},"title":"Des transformations \u00e9puisantes\u00a0aux transformations r\u00e9g\u00e9n\u00e9ratrices\u00a0","author":"In Principo","date":"17 septembre 2024","format":false,"excerpt":"Transformation\u00a0? Un mot aujourd\u2019hui devenu synonyme d\u2019\u00e9puisement collectif, de contraintes, d\u2019injonctions. Combien de fois les espoirs initiaux engendrent l\u2019inverse du but recherch\u00e9\u00a0? Trop souvent la transformation ne touche qu\u2019aux proc\u00e9d\u00e9s et pas aux capacit\u00e9s, aux normes et non au vivant, \u00e0 ce qui contraint et non \u00e0 ce qui mobilise\u2026","rel":"","context":"Article similaire","block_context":{"text":"Article similaire","link":""},"img":{"alt_text":"","src":"","width":0,"height":0},"classes":[]},{"id":576,"url":"https:\/\/inprincipo2024.inprincipo.com\/index.php\/qui-sommes-nous\/","url_meta":{"origin":585,"position":3},"title":"QUI SOMMES-NOUS ?","author":"In Principo","date":"18 septembre 2024","format":false,"excerpt":"QUI SOMMES-NOUS ? L'\u00c9QUIPE UN PEU D'HISTOIRE NOS PARTENAIRES In Principo en France www.inprincipo.com In Principo Paris60 rue de Richelieu75002 PARIS+33 1 53 05 99 75 In Principo Lyon3 cours Charlemagne69003 LYON In Principo Hauts de FranceCampus AGROTECHSquare Eug\u00e8ne Thomas\u00a059780 Willems\u00a0 Nous croyons, dans un monde en transition, turbulent et\u2026","rel":"","context":"Article similaire","block_context":{"text":"Article similaire","link":""},"img":{"alt_text":"","src":"","width":0,"height":0},"classes":[]},{"id":349,"url":"https:\/\/inprincipo2024.inprincipo.com\/index.php\/passer-le-mur-du-sens-pour-reinventer-la-performance\/","url_meta":{"origin":585,"position":4},"title":"Cap sur la r\u00e9g\u00e9n\u00e9ration strat\u00e9gique","author":"In Principo","date":"10 septembre 2024","format":false,"excerpt":"Transformation\u00a0? Un mot devenu synonyme d\u2019\u00e9puisement collectif, de contraintes, d\u2019injonctions. Combien de fois les espoirs initiaux engendrent l\u2019inverse du but recherch\u00e9\u00a0? Trop souvent la transformation ne touche qu\u2019aux proc\u00e9d\u00e9s et pas aux capacit\u00e9s, aux normes et non au vivant, \u00e0 ce qui contraint et non \u00e0 ce qui mobilise l\u2019\u00e9nergie,\u2026","rel":"","context":"Article similaire","block_context":{"text":"Article similaire","link":""},"img":{"alt_text":"","src":"","width":0,"height":0},"classes":[]},{"id":1834,"url":"https:\/\/inprincipo2024.inprincipo.com\/index.php\/reinventer-sa-performance-collective-en-continu\/","url_meta":{"origin":585,"position":5},"title":"R\u00e9inventer sa performance collective en continu","author":"In Principo","date":"18 f\u00e9vrier 2025","format":false,"excerpt":"Performance\u00a0est peut-\u00eatre le mot le plus incompris de notre \u00e9poque. Pour certains, \u00eatre responsable, engag\u00e9 sur les d\u00e9fis de long terme, \u00eatre intelligent avec l\u2019humain et plus encore avec le vivant, n\u00e9cessiterait de renoncer \u00e0 cette qu\u00eate \u2013 tr\u00e8s XXe\u00a0si\u00e8cle \u2013 de la performance. Pour d\u2019autres, il apparait que, dans\u2026","rel":"","context":"Article similaire","block_context":{"text":"Article similaire","link":""},"img":{"alt_text":"","src":"","width":0,"height":0},"classes":[]}],"jetpack_sharing_enabled":true,"_links":{"self":[{"href":"https:\/\/inprincipo2024.inprincipo.com\/index.php\/wp-json\/wp\/v2\/pages\/585","targetHints":{"allow":["GET"]}}],"collection":[{"href":"https:\/\/inprincipo2024.inprincipo.com\/index.php\/wp-json\/wp\/v2\/pages"}],"about":[{"href":"https:\/\/inprincipo2024.inprincipo.com\/index.php\/wp-json\/wp\/v2\/types\/page"}],"author":[{"embeddable":true,"href":"https:\/\/inprincipo2024.inprincipo.com\/index.php\/wp-json\/wp\/v2\/users\/1"}],"replies":[{"embeddable":true,"href":"https:\/\/inprincipo2024.inprincipo.com\/index.php\/wp-json\/wp\/v2\/comments?post=585"}],"version-history":[{"count":2,"href":"https:\/\/inprincipo2024.inprincipo.com\/index.php\/wp-json\/wp\/v2\/pages\/585\/revisions"}],"predecessor-version":[{"id":1832,"href":"https:\/\/inprincipo2024.inprincipo.com\/index.php\/wp-json\/wp\/v2\/pages\/585\/revisions\/1832"}],"wp:attachment":[{"href":"https:\/\/inprincipo2024.inprincipo.com\/index.php\/wp-json\/wp\/v2\/media?parent=585"}],"curies":[{"name":"wp","href":"https:\/\/api.w.org\/{rel}","templated":true}]}}