{"id":2293,"date":"2025-03-08T19:56:34","date_gmt":"2025-03-08T18:56:34","guid":{"rendered":"https:\/\/inprincipo2024.inprincipo.com\/?page_id=2293"},"modified":"2025-03-14T10:40:18","modified_gmt":"2025-03-14T09:40:18","slug":"lentreprise-a-mission-forte-en-valeur-et-en-impact","status":"publish","type":"page","link":"https:\/\/inprincipo2024.inprincipo.com\/index.php\/lentreprise-a-mission-forte-en-valeur-et-en-impact\/","title":{"rendered":"L&rsquo;Entreprise \u00e0 Mission : vraie, vivante, forte et authentique&#8230;"},"content":{"rendered":"\n<p>Beaucoup en ont r\u00eav\u00e9, une loi de 2019 lui a donn\u00e9 son cadre. D\u00e9sormais, par des proc\u00e9dures et des indicateurs l\u2019Entreprise \u00e0 Mission est une r\u00e9alit\u00e9 respect\u00e9e et int\u00e9gr\u00e9e dans les pratiques de gestion quotidiennes. D\u00e9sormais, l\u2019Entreprise \u00e0 Mission existe juridiquement et statutairement. Mais fait-elle encore r\u00eaver\u00a0? <\/p>\n\n\n\n<p>Pour \u00eatre v\u00e9ritablement \u00e0 mission, il est n\u00e9cessaire qu\u2019elle engage aussi cette mission dans le collectif humain, dans le m\u00e9tier de l\u2019entreprise, dans sa strat\u00e9gie, dans son \u00e9cosyst\u00e8me de partenaires, dans sa dynamique sociale. <\/p>\n\n\n\n<p>Comment faire que l\u2019Entreprise \u00e0 Mission\u00a0soit vraie, vivante, forte et authentique en cr\u00e9ation de valeur et en impact ? C&rsquo;est \u00e0 ces dimensions d&rsquo;incarnation et de pertinence que la facilitation strat\u00e9gique apporte une contribution n\u00e9cessaire et souvent d\u00e9terminante.<\/p>\n\n\n\n<h2 class=\"wp-block-heading\"><strong>Une mission, un acte de naissance<\/strong><\/h2>\n\n\n\n<p>La mission n\u2019a de sens que si l\u2019entreprise s\u2019incarne et se reconnait en elle, si celle-ci porte la d\u00e9marche de l\u2019entreprise. Pour que cette mission soit <strong>vraie<\/strong>, <strong>vivante<\/strong>, il importe qu\u2019elle soit pleinement port\u00e9e par l\u2019organisation, les acteurs cl\u00e9s, les collaborateurs. <strong>Pour y parvenir, l\u2019approche est de faire naitre cette mission par une dynamique collaborative pour que celle-ci vive dans la dur\u00e9e<\/strong> <strong>et soit port\u00e9e par une dynamique collaborative<\/strong>. Cela n\u00e9cessite une d\u00e9marche adapt\u00e9e \u00e0 la culture de l\u2019entreprise, du dialogue, des \u00e9tapes pour coconstruire cette mission.<\/p>\n\n\n\n<h2 class=\"wp-block-heading\"><strong>Devenir <\/strong>\u00ab\u00a0<strong>\u00e0<\/strong> <strong>Mission\u00a0\u00bb, quelle strat\u00e9gie\u00a0?<\/strong><\/h2>\n\n\n\n<p>Strat\u00e9gie est le bon mot car il est n\u00e9cessaire de maitriser un chemin, des \u00e9tapes, pour \u00e0 la fois, faire \u00e9merger la mission et impliquer, mobiliser, les parties prenantes. La mani\u00e8re de faire est donc d\u00e9terminante pour que le r\u00e9sultat \u2013 devenir entreprise \u00e0 mission \u2013 soit vrai, soit vivant.<\/p>\n\n\n\n<p>En premier lieu, devenir une Entreprise \u00e0 Mission, c\u2019est un changement majeur de r\u00e9f\u00e9rentiel. Et un changement, c\u2019est ou bien un risque, ou une opportunit\u00e9. Nous commen\u00e7ons par mettre le collectif en situation d\u2019opportunit\u00e9. Comment\u00a0? Par une d\u00e9marche d&rsquo;\u00e9coute et de mise en situation d\u2019opportunit\u00e9. Pour partager en quoi devenir une entreprise \u00e0 mission, associant simultan\u00e9ment impact et valeur, enjeux, d\u00e9fis \u00e0 diff\u00e9rents horizons est r\u00e9ellement une opportunit\u00e9 pour chacun, pour tous.<\/p>\n\n\n\n<p>Quand In Principo a accompagn\u00e9 l\u2019ADEME \u00e0 Sophia Antipolis en 2015 sur sa Raison d\u2019\u00catre nous avons \u00e9cout\u00e9 les acteurs, travaill\u00e9 avec un collectif de r\u00e9g\u00e9n\u00e9ration, impliqu\u00e9 toutes les instances, pour engendrer une Mission nouvelle, port\u00e9e par tous et officialis\u00e9e par sa gouvernance. <\/p>\n\n\n\n<h2 class=\"wp-block-heading\"><strong>Quelle d\u00e9marche pour quelle nature d\u2019entreprise&nbsp;?<\/strong><\/h2>\n\n\n\n<p>Une d\u00e9marche de mise en \u0153uvre d\u2019entreprise \u00e0 mission s\u2019engage avec des \u00e9tapes adapt\u00e9es \u00e0 la nature et \u00e0 la taille de l\u2019organisation, une d\u00e9marche qui engage chacun, qui permet de coconstruire la mission.<\/p>\n\n\n\n<p>Cette mission est d\u2019autant plus importante \u00e0 bien d\u00e9finir avec le collectif, qu\u2019elle devient le fondement de l\u2019existence de l\u2019entreprise. Elle doit int\u00e9grer autant que modifier les fondamentaux de l&rsquo;organisation. Elle doit \u00eatre concr\u00e8te en termes d\u2019impact, pertinente en regard des d\u00e9fis \u00e0 relever. Et ce pour toutes les parties prenantes \u00e0 l\u2019interne comme \u00e0 l\u2019externe.<\/p>\n\n\n\n<p>Si cette mission engage chaque personne concern\u00e9e, le collectif, les d\u00e9fis, en une seule dynamique, nous g\u00e9n\u00e9rons la meilleure \u00e9nergie, le meilleur engagement dans la dur\u00e9e.<\/p>\n\n\n\n<h2 class=\"wp-block-heading\"><strong>Engagement de mission et r\u00e9sistance au changement&nbsp;?<\/strong><\/h2>\n\n\n\n<p>La r\u00e9sistance au changement est un sujet pour les organisations mobilisant des m\u00e9thodes de \u00ab\u00a0conduite du changement\u00a0\u00bb, c\u2019est-\u00e0-dire des approches qui consistent \u00e0 obliger, \u00e0 contraindre des acteurs de s\u2019engager sur une mission qui n\u2019est pas la leur.<\/p>\n\n\n\n<p>Si vous \u00e9coutez &#8211; d\u00e8s le d\u00e9part une juste diversit\u00e9 de parties prenantes\u00a0(leurs enjeux, leurs aspirations, leurs pr\u00e9occupations), si la d\u00e9marche est coconstruite, si vous rendez les collaborateurs conscients de ce qui se joue, vous les rendez acteurs, moteurs, et cr\u00e9ateur de leur propre dynamique, de leur propre Mission, il n\u2019y a pas, ou quasiment pas de r\u00e9sistance au changement. <\/p>\n\n\n\n<p>Pourquoi&nbsp;? Parce qu\u2019en facilitation strat\u00e9gique, la dynamique est port\u00e9e par les acteurs de l\u2019organisation. Une entreprise, c\u2019est un syst\u00e8me. Si vous construisez une r\u00e9alit\u00e9 sans le syst\u00e8me, il r\u00e9siste. C\u2019est normal. Si vous faite \u00e9merger la dynamique par le syst\u00e8me, par les acteurs ensemble sur les bonnes questions, il devient moteur et int\u00e9grateur de ses dilemmes, de ses enjeux. Quand nous avons accompagn\u00e9 le Groupe SNCF sur son engagement dans la Transition \u00c9nerg\u00e9tique en 2013-2014, le sujet \u00e9tait pr\u00e9cis\u00e9ment celui-l\u00e0. Initialement, sur le TOP 70, les 2\/3 \u00e9taient contre car ils pr\u00e9supposaient d\u2019immenses r\u00e9sistances au changement. Nous les avons accompagn\u00e9s durant 6 mois en facilitation strat\u00e9gique. Nous avons travaill\u00e9 sur l\u2019identitaire et le vital. Identitaire \u2013 les valeurs, le service public, l\u2019incarnation de la transition \u00e9cologique la fiert\u00e9 des collaborateurs \u2013 le vital, les \u00e9conomies financi\u00e8res et op\u00e9rationnelles, la pr\u00e9f\u00e9rence des clients. Impact et Valeur. Lors du dernier s\u00e9minaire avec le TOP 70 nous avons eu un engagement unanime et enthousiaste. Sous l\u2019angle par lequel la d\u00e9marche a \u00e9t\u00e9 prise, c\u2019est devenu un sujet de fiert\u00e9, de performance, d\u2019efficience, d\u2019attractivit\u00e9, d\u2019affichage sur les locomotives des TGV. Nous n\u2019avons pas eu l\u00e0 de r\u00e9sistance au changement.<\/p>\n\n\n\n<h2 class=\"wp-block-heading\"><strong>Les pi\u00e8ges de l\u2019entreprise \u00e0 mission<\/strong><\/h2>\n\n\n\n<p>Il y a trois types de pi\u00e8ge&nbsp;:<\/p>\n\n\n\n<p><strong>Le premier risque est l\u2019approche verticale.<\/strong> Si un d\u00e9cideur d\u00e9cide seul ou \u00e0 quelques-uns d\u2019une belle et pertinente mission. C\u2019est peut-\u00eatre brillant, mais si les collaborateurs, les parties prenantes, n\u2019ont pas fait le chemin n\u00e9cessaire, la port\u00e9e de la mission ne sera pas comprise, des pratiques m\u00e9tiers, des habitudes culturelles &#8211; peut-\u00eatre contestables para\u00eetront ni\u00e9es \u2013 il y aura r\u00e9sistance, et m\u00eame risque de rejet. La posture du dirigeant, des acteurs cl\u00e9s, en fonction des phases de la d\u00e9marche, est d\u00e9terminante. Il faut ici un engagement fort sur la d\u00e9marche, et un certain l\u00e2cher-prise sur le contenu pour que celui-ci soit coconstruit, port\u00e9.<\/p>\n\n\n\n<p><strong>Le deuxi\u00e8me risque est l\u2019approche radicale. <\/strong>Il arrive parfois que des courants d\u2019acteurs soient trop enthousiastes sur l\u2019impact et engage une mission qui parait \u00e0 d\u2019autres acteurs comme radicale. Je parle bien de perceptions. Une fois la fi\u00e8vre de l\u2019engagement retomb\u00e9e, il est fort possible qu\u2019un match retour amende une grande partie des efforts engag\u00e9s. L\u00e0 aussi la qualit\u00e9 de la d\u00e9marche permet la solidit\u00e9 de l\u2019engagement dans la dur\u00e9e.<\/p>\n\n\n\n<p><strong>Le troisi\u00e8me risque est le sentiment d\u2019atteinte au m\u00e9tier lui-m\u00eame. <\/strong>Une mission n\u2019est pas l\u00e0 pour ajouter \u00e0 l\u2019entreprise des engagements diff\u00e9rents du m\u00e9tier mais pour que l\u2019impact soci\u00e9tal et la cr\u00e9ation de valeur s\u2019incarnent sur la m\u00eame raison d\u2019\u00eatre. Quand nous avons accompagn\u00e9 EXCO Sud-Ouest, 800 experts comptables, 50 agences \u00e0 devenir des Fertiliseurs d\u2019entreprises, nous avons fait \u00e9merger leur raison d\u2019\u00eatre, et un nouveau rapport \u00e0 leur client. La qualit\u00e9 de l\u2019accompagnement comptable permet non seulement, un meilleur pilotage \u00e9conomique, c\u2019est une forme de vitalit\u00e9, mais permet aussi de renforcer l\u2019entreprise dans son territoire, dans son propre rapport au vivant, dans sa transition \u00e9cologique. Aujourd\u2019hui EXCO Sud-ouest est chef de file pour le Sud-Ouest de la CEC, la Convention des Entreprises pour le Climat. L\u2019impact est devenu le c\u0153ur de leur cr\u00e9ation de valeur.<\/p>\n\n\n\n<h2 class=\"wp-block-heading\"><strong>Un projet d\u2019entreprise \u00ab\u00a0\u00e9cosyst\u00e9mique<\/strong>\u00ab\u00a0<\/h2>\n\n\n\n<p>Devenir une entreprise \u00e0 mission n\u2019est pas un changement d\u2019orientation, c\u2019est un projet d\u2019entreprise syst\u00e9mique. Voire \u00e9cosyst\u00e8mique tant l\u2019entreprise devient partie prenante de son \u00e9cosyst\u00e8me.<\/p>\n\n\n\n<p>La Mission n&rsquo;est pas un ensemble de textes et d&rsquo;indicateurs. C&rsquo;est le c\u0153ur du syst\u00e8me. La Mission doit naitre du syst\u00e8me pour devenir le c\u0153ur du syst\u00e8me.<\/p>\n\n\n\n<p>D\u00e8s lors, il est essentiel que la d\u00e9marche soit port\u00e9e avec et par le syst\u00e8me : vos acteurs cl\u00e9s, vos \u00e9quipes, vos partenaires, vos parties prenantes.<\/p>\n\n\n\n<p><strong>C\u2019est ce qu\u2019apporte fondamentalement la facilitation strat\u00e9gique. L\u2019id\u00e9e n\u2019est pas de favoriser l\u2019appropriation du projet en aval de sa d\u00e9cision par le chef d\u2019entreprise et quelques experts mais d\u2019engager les acteurs, les parties prenantes, en amont, au commencement de la d\u00e9marche.<\/strong><\/p>\n","protected":false},"excerpt":{"rendered":"<p>Beaucoup en ont r\u00eav\u00e9, une loi de 2019 lui a donn\u00e9 son cadre. D\u00e9sormais, par des proc\u00e9dures et des indicateurs l\u2019Entreprise \u00e0 Mission est une r\u00e9alit\u00e9 respect\u00e9e et int\u00e9gr\u00e9e dans les pratiques de gestion quotidiennes. D\u00e9sormais, l\u2019Entreprise \u00e0 Mission existe juridiquement et statutairement. Mais fait-elle encore r\u00eaver\u00a0? Pour \u00eatre v\u00e9ritablement \u00e0 mission, il est n\u00e9cessaire [&hellip;]<\/p>\n","protected":false},"author":2,"featured_media":0,"parent":0,"menu_order":0,"comment_status":"closed","ping_status":"closed","template":"","meta":{"_themeisle_gutenberg_block_has_review":false,"footnotes":""},"class_list":["post-2293","page","type-page","status-publish","hentry"],"jetpack-related-posts":[{"id":1848,"url":"https:\/\/inprincipo2024.inprincipo.com\/index.php\/communiquer-en-puissance-et-en-authenticite\/","url_meta":{"origin":2293,"position":0},"title":"Communiquer en puissance et en authenticit\u00e9","author":"In Principo","date":"18 f\u00e9vrier 2025","format":false,"excerpt":"Tout a d\u00e9j\u00e0 \u00e9t\u00e9 \u00e9crit sur la communication. Pourtant, nous le voyons tous les jours, il y a celles qui marchent et les autres. Il y a celles qui sont justes, authentiques, puissantes, ancr\u00e9es et celles qui sont ce que l\u2019on appelle de la \u00ab\u00a0comm\u2019\u00a0\u00bb\u2026\u00a0 Communiquer pour une organisation est\u2026","rel":"","context":"Article similaire","block_context":{"text":"Article similaire","link":""},"img":{"alt_text":"","src":"","width":0,"height":0},"classes":[]},{"id":2075,"url":"https:\/\/inprincipo2024.inprincipo.com\/index.php\/management-lessence-de-la-puissance-de-chaque-organisation\/","url_meta":{"origin":2293,"position":1},"title":"R\u00e9g\u00e9n\u00e9rer l&rsquo;\u00e9nergie du collectif en continu","author":"Olivier Reaud","date":"5 mars 2025","format":false,"excerpt":"Depuis Gary Hamel et son best-seller \u00ab\u00a0la fin du management\u00a0\u00bb (2001), le sujet a \u00e9t\u00e9 brocard\u00e9, challeng\u00e9, r\u00e9invent\u00e9 de multiples fois. O\u00f9 en est-on en 2025\u00a0? La confusion r\u00e8gne parce que de nombreuses d\u00e9finitions et exp\u00e9riences se superposent. Parce qu\u2019il reste encore du XXe si\u00e8cle, l\u2019id\u00e9e qu\u2019il existerait pour une\u2026","rel":"","context":"Article similaire","block_context":{"text":"Article similaire","link":""},"img":{"alt_text":"","src":"","width":0,"height":0},"classes":[]},{"id":2488,"url":"https:\/\/inprincipo2024.inprincipo.com\/index.php\/veille-strategique-grand-groupe\/","url_meta":{"origin":2293,"position":2},"title":"VEILLE STRAT\u00c9GIQUE GRAND GROUPE\u00a0","author":"Olivier Reaud","date":"11 mars 2025","format":false,"excerpt":"Comment passer d\u2019une information strat\u00e9gique cloisonn\u00e9e \u00e0 la mutualisation pour cr\u00e9er les conditions d\u2019une gouvernance partag\u00e9e et augment\u00e9e\u00a0? La force d\u2019un Grand Groupe est de rassembler des activit\u00e9s diff\u00e9rentes autour d\u2019un m\u00eame projet strat\u00e9gique, d\u2019\u00eatre pr\u00e9sent dans des secteurs d\u2019activit\u00e9s aux rythmes d\u2019\u00e9volutions compl\u00e9mentaires, dans une diversit\u00e9 de g\u00e9ographies o\u00f9\u2026","rel":"","context":"Article similaire","block_context":{"text":"Article similaire","link":""},"img":{"alt_text":"","src":"https:\/\/i0.wp.com\/inprincipo2024.inprincipo.com\/wp-content\/uploads\/2025\/03\/IMG_1702-scaled.jpeg?resize=350%2C200&ssl=1","width":350,"height":200,"srcset":"https:\/\/i0.wp.com\/inprincipo2024.inprincipo.com\/wp-content\/uploads\/2025\/03\/IMG_1702-scaled.jpeg?resize=350%2C200&ssl=1 1x, https:\/\/i0.wp.com\/inprincipo2024.inprincipo.com\/wp-content\/uploads\/2025\/03\/IMG_1702-scaled.jpeg?resize=525%2C300&ssl=1 1.5x, https:\/\/i0.wp.com\/inprincipo2024.inprincipo.com\/wp-content\/uploads\/2025\/03\/IMG_1702-scaled.jpeg?resize=700%2C400&ssl=1 2x, https:\/\/i0.wp.com\/inprincipo2024.inprincipo.com\/wp-content\/uploads\/2025\/03\/IMG_1702-scaled.jpeg?resize=1050%2C600&ssl=1 3x, https:\/\/i0.wp.com\/inprincipo2024.inprincipo.com\/wp-content\/uploads\/2025\/03\/IMG_1702-scaled.jpeg?resize=1400%2C800&ssl=1 4x"},"classes":[]},{"id":2290,"url":"https:\/\/inprincipo2024.inprincipo.com\/index.php\/de-la-rse-a-la-csrd-les-nouveaux-defis-de-lengagement\/","url_meta":{"origin":2293,"position":3},"title":"De la RSE \u00e0 la CSRD, les nouveaux d\u00e9fis de l&rsquo;engagement","author":"Olivier Reaud","date":"8 mars 2025","format":false,"excerpt":"Nous avions longtemps esp\u00e9r\u00e9 la g\u00e9n\u00e9ralisation de la RSE \u00e0 toute l\u2019entreprise, \u00e0 toutes les entreprises. Bonne nouvelle, nous y sommes plus ou moins. Mais, alors que la RSE est d\u00e9sormais quasiment partout, elle entre, en 2025, dans le risque d\u2019une double crise du d\u00e9sengagement, associant sa banalisation dans le\u2026","rel":"","context":"Article similaire","block_context":{"text":"Article similaire","link":""},"img":{"alt_text":"","src":"","width":0,"height":0},"classes":[]},{"id":1851,"url":"https:\/\/inprincipo2024.inprincipo.com\/index.php\/comment-reinventer-la-communication-dune-institution-dont-la-mission-est-precisement-le-dialogue-entre-les-parties-prenantes\/","url_meta":{"origin":2293,"position":4},"title":"Comment r\u00e9inventer la communication d\u2019une Institution dont la mission est pr\u00e9cis\u00e9ment le dialogue entre les parties prenantes\u00a0?","author":"In Principo","date":"18 f\u00e9vrier 2025","format":false,"excerpt":"La Commission Nationale du D\u00e9bat Public \u2013 connue sous son acronyme la CNDP \u2013 est l\u2019autorit\u00e9 ind\u00e9pendante garante du droit \u00e0 l\u2019information et \u00e0 la participation du public sur l\u2019\u00e9laboration des projets et des politiques publiques ayant un impact sur l\u2019environnement. En 2020, \u00e0 la veille de ses 25 ans,\u2026","rel":"","context":"Article similaire","block_context":{"text":"Article similaire","link":""},"img":{"alt_text":"","src":"https:\/\/i0.wp.com\/inprincipo2024.inprincipo.com\/wp-content\/uploads\/2025\/02\/CNDP.jpg?resize=350%2C200&ssl=1","width":350,"height":200,"srcset":"https:\/\/i0.wp.com\/inprincipo2024.inprincipo.com\/wp-content\/uploads\/2025\/02\/CNDP.jpg?resize=350%2C200&ssl=1 1x, https:\/\/i0.wp.com\/inprincipo2024.inprincipo.com\/wp-content\/uploads\/2025\/02\/CNDP.jpg?resize=525%2C300&ssl=1 1.5x, https:\/\/i0.wp.com\/inprincipo2024.inprincipo.com\/wp-content\/uploads\/2025\/02\/CNDP.jpg?resize=700%2C400&ssl=1 2x"},"classes":[]},{"id":1091,"url":"https:\/\/inprincipo2024.inprincipo.com\/index.php\/nos-partenaires\/","url_meta":{"origin":2293,"position":5},"title":"NOS PARTENAIRES","author":"In Principo","date":"9 octobre 2024","format":false,"excerpt":"QUI SOMMES-NOUS ? L'\u00c9QUIPE UN PEU D'HISTOIRE NOS PARTENAIRES In Principo en France www.inprincipo.com In Principo Paris60 rue de Richelieu75002 PARIS+33 1 53 05 99 75 In Principo Lyon3 cours Charlemagne69003 LYON In Principo Hauts de FranceCampus AGROTECHSquare Eug\u00e8ne Thomas\u00a059780 Willems\u00a0 In Principo Laval(en cours) In Principo s\u2019appuie sur un\u2026","rel":"","context":"Article similaire","block_context":{"text":"Article similaire","link":""},"img":{"alt_text":"","src":"","width":0,"height":0},"classes":[]}],"jetpack_sharing_enabled":true,"_links":{"self":[{"href":"https:\/\/inprincipo2024.inprincipo.com\/index.php\/wp-json\/wp\/v2\/pages\/2293","targetHints":{"allow":["GET"]}}],"collection":[{"href":"https:\/\/inprincipo2024.inprincipo.com\/index.php\/wp-json\/wp\/v2\/pages"}],"about":[{"href":"https:\/\/inprincipo2024.inprincipo.com\/index.php\/wp-json\/wp\/v2\/types\/page"}],"author":[{"embeddable":true,"href":"https:\/\/inprincipo2024.inprincipo.com\/index.php\/wp-json\/wp\/v2\/users\/2"}],"replies":[{"embeddable":true,"href":"https:\/\/inprincipo2024.inprincipo.com\/index.php\/wp-json\/wp\/v2\/comments?post=2293"}],"version-history":[{"count":15,"href":"https:\/\/inprincipo2024.inprincipo.com\/index.php\/wp-json\/wp\/v2\/pages\/2293\/revisions"}],"predecessor-version":[{"id":2779,"href":"https:\/\/inprincipo2024.inprincipo.com\/index.php\/wp-json\/wp\/v2\/pages\/2293\/revisions\/2779"}],"wp:attachment":[{"href":"https:\/\/inprincipo2024.inprincipo.com\/index.php\/wp-json\/wp\/v2\/media?parent=2293"}],"curies":[{"name":"wp","href":"https:\/\/api.w.org\/{rel}","templated":true}]}}