{"id":1107,"date":"2024-10-15T15:21:50","date_gmt":"2024-10-15T13:21:50","guid":{"rendered":"https:\/\/inprincipo2024.inprincipo.com\/?page_id=1107"},"modified":"2025-03-25T14:28:35","modified_gmt":"2025-03-25T13:28:35","slug":"la-facilitation-strategique","status":"publish","type":"page","link":"https:\/\/inprincipo2024.inprincipo.com\/index.php\/la-facilitation-strategique\/","title":{"rendered":"LA FACILITATION STRAT\u00c9GIQUE"},"content":{"rendered":"\n<div class=\"wp-block-columns is-layout-flex wp-container-core-columns-is-layout-f5a44f5b wp-block-columns-is-layout-flex\">\n<div class=\"wp-block-column is-layout-flow wp-block-column-is-layout-flow\" style=\"flex-basis:25%\">\n<div class=\"wp-block-group is-layout-constrained wp-container-core-group-is-layout-0be64e95 wp-block-group-is-layout-constrained\" style=\"padding-right:var(--wp--preset--spacing--50)\">\n<div id=\"wp-block-themeisle-blocks-button-group-28c0734a\" class=\"wp-block-themeisle-blocks-button-group wp-block-buttons align-full-desktop\">\n<div id=\"wp-block-themeisle-blocks-button-62a7c529\" class=\"wp-block-themeisle-blocks-button wp-block-button\"><a target=\"_self\" rel=\"noopener noreferrer\" class=\"wp-block-button__link\"><span>LA FACILITATION STRAT\u00c9GIQUE<\/span><\/a><\/div>\n<\/div>\n\n\n\n<div id=\"wp-block-themeisle-blocks-button-group-35b12e7e\" class=\"wp-block-themeisle-blocks-button-group wp-block-buttons align-full-desktop\">\n<div id=\"wp-block-themeisle-blocks-button-c2f0bf5e\" class=\"wp-block-themeisle-blocks-button wp-block-button\"><a href=\"https:\/\/inprincipo2024.inprincipo.com\/index.php\/transitions-incertitudes-turbulences\/\" target=\"_self\" rel=\"noopener noreferrer\" class=\"wp-block-button__link\"><span>TRANSITIONS, INCERTITUDES, TURBULENCES<\/span><\/a><\/div>\n<\/div>\n\n\n\n<div id=\"wp-block-themeisle-blocks-button-group-16655761\" class=\"wp-block-themeisle-blocks-button-group wp-block-buttons align-full-desktop\">\n<div id=\"wp-block-themeisle-blocks-button-ea13c664\" class=\"wp-block-themeisle-blocks-button wp-block-button\"><a href=\"https:\/\/inprincipo2024.inprincipo.com\/index.php\/les-dynamiques-collaboratives\/\" target=\"_self\" rel=\"noopener noreferrer\" class=\"wp-block-button__link\"><span>LES DYNAMIQUES COLLABORATIVES<\/span><\/a><\/div>\n<\/div>\n<\/div>\n\n\n\n<div style=\"height:57px\" aria-hidden=\"true\" class=\"wp-block-spacer\"><\/div>\n\n\n\n<h3 class=\"wp-block-heading\">In Principo en France<\/h3>\n\n\n\n<p><a href=\"http:\/\/www.inprincipo.com\/\">www.inprincipo.com<\/a><\/p>\n\n\n\n<p><strong>In Principo Paris<br><\/strong>60 rue de Richelieu<br>75002 PARIS<br>+33 1 53 05 99 75<\/p>\n\n\n\n<p><strong>In Principo Lyon<br><\/strong>3 cours Charlemagne<br>69003 LYON<\/p>\n\n\n\n<p><strong>In Principo Hauts de France<br><\/strong>Campus AGROTECH<br>Square Eug\u00e8ne Thomas&nbsp;<br>59780 Willems&nbsp;<\/p>\n\n\n\n<p><strong>In Principo Maine<br><\/strong>(en cours)<\/p>\n<\/div>\n\n\n\n<div class=\"wp-block-column is-layout-flow wp-block-column-is-layout-flow\" style=\"flex-basis:65%\">\n<p>La facilitation strat\u00e9gique est la d\u00e9marche qui int\u00e8gre l\u2019intelligence de la trajectoire d\u2019une organisation ou d\u2019un \u00e9cosyst\u00e8me \u00e0 l\u2019intelligence de l\u2019action de ses acteurs et parties prenantes, et \u00e0 la r\u00e9g\u00e9n\u00e9ration continue de leur capacit\u00e9 collective.&nbsp;<\/p>\n\n\n\n<blockquote class=\"wp-block-quote is-layout-flow wp-block-quote-is-layout-flow\">\n<p>La Facilitation Strat\u00e9gique&nbsp;:&nbsp; activer toute la puissance de votre organisation, de votre \u00e9cosyst\u00e8me<\/p>\n<\/blockquote>\n\n\n\n<p>Dans un monde complexe en acc\u00e9l\u00e9ration, ce qui fait la puissance strat\u00e9gique, ce n\u2019est plus le conseil ponctuel apport\u00e9 depuis l\u2019ext\u00e9rieur mais la capacit\u00e9 strat\u00e9gique singuli\u00e8re que l\u2019organisation ou l\u2019\u00e9cosyst\u00e8me d\u00e9veloppe collectivement dans la dur\u00e9e.<\/p>\n\n\n\n<figure class=\"wp-block-image size-large\"><img data-recalc-dims=\"1\" loading=\"lazy\" decoding=\"async\" width=\"1024\" height=\"542\" src=\"https:\/\/i0.wp.com\/inprincipo2024.inprincipo.com\/wp-content\/uploads\/2025\/03\/Facilitation-Strategique-Concept.png?resize=1024%2C542&#038;ssl=1\" alt=\"\" class=\"wp-image-3135\" srcset=\"https:\/\/i0.wp.com\/inprincipo2024.inprincipo.com\/wp-content\/uploads\/2025\/03\/Facilitation-Strategique-Concept.png?resize=1024%2C542&amp;ssl=1 1024w, https:\/\/i0.wp.com\/inprincipo2024.inprincipo.com\/wp-content\/uploads\/2025\/03\/Facilitation-Strategique-Concept.png?resize=300%2C159&amp;ssl=1 300w, https:\/\/i0.wp.com\/inprincipo2024.inprincipo.com\/wp-content\/uploads\/2025\/03\/Facilitation-Strategique-Concept.png?resize=768%2C407&amp;ssl=1 768w, https:\/\/i0.wp.com\/inprincipo2024.inprincipo.com\/wp-content\/uploads\/2025\/03\/Facilitation-Strategique-Concept.png?resize=1536%2C813&amp;ssl=1 1536w, https:\/\/i0.wp.com\/inprincipo2024.inprincipo.com\/wp-content\/uploads\/2025\/03\/Facilitation-Strategique-Concept.png?w=1700&amp;ssl=1 1700w\" sizes=\"auto, (max-width: 1000px) 100vw, 1000px\" \/><\/figure>\n\n\n\n<p>L\u2019observation, l\u2019\u00e9coute, la compr\u00e9hension, la vision, l\u2019imagination, la projection, le discernement, l\u2019intelligence de la situation, de la trajectoire et de l\u2019action doivent \u00eatre port\u00e9s par le collectif lui-m\u00eame.<\/p>\n\n\n\n<p>La capacit\u00e9 strat\u00e9gique singuli\u00e8re d\u2019une organisation est donc collaborative&nbsp;: pour \u00ab&nbsp;penser ensemble, agir et r\u00e9ussir ensemble&nbsp;\u00bb.<\/p>\n\n\n\n<h2 class=\"wp-block-heading\">In Principo est une <em>agence<\/em>\u2026<\/h2>\n\n\n\n<p>\u2026qui mobilise les comp\u00e9tences d\u2019accompagnement pour cr\u00e9er, d\u00e9velopper, nourrir, faire grandir, cette capacit\u00e9 strat\u00e9gique singuli\u00e8re.<\/p>\n\n\n\n<h2 class=\"wp-block-heading\">In Principo est une <em>agence de facilitation\u2026<\/em><\/h2>\n\n\n\n<p>\u2026qui cr\u00e9e les conditions de l\u2019intelligence collective. La facilitation est la pratique qui mobilise autant les actions que les acteurs. Elle permet de mobiliser surtout l\u2019un par l\u2019autre, pour cr\u00e9er les conditions puissantes d\u2019intelligence au sein du collectif. Cette capacit\u00e9 d\u2019intelligence collective devient durable si elle est anim\u00e9e de mani\u00e8re particuli\u00e8re, c\u2019est-\u00e0-dire continue. In Principo a d\u00e9velopp\u00e9 une pratique de facilitation circulaire qui permet d\u2019activer une intelligence collective de puissance continue.<\/p>\n\n\n\n<h2 class=\"wp-block-heading\">In Principo est une <em>agence de facilitation&nbsp;strat\u00e9gique<\/em>\u2026<\/h2>\n\n\n\n<p>qui cr\u00e9e les conditions de l\u2019intelligence collective continue avec les acteurs cl\u00e9s du c\u0153ur de l\u2019organisation (gouvernance), l\u2019ensemble des acteurs et des parties prenantes du collectif qui contribue \u00e0 puissance strat\u00e9gique, qui mobilisent leur action de r\u00e9alisation strat\u00e9giquement, qui mobilisent leur \u00e9nergie au service de la r\u00e9ussite des objectifs de l\u2019organisation.&nbsp;<\/p>\n\n\n\n<p>Dans la facilitation strat\u00e9gique, nous accompagnons&nbsp;dans un m\u00eame ensemble&nbsp;:<\/p>\n\n\n\n<ul class=\"wp-block-list\">\n<li><strong>L\u2019intelligence de la trajectoire&nbsp;:<\/strong>&nbsp;de l\u2019intelligence de la prospective, de l\u2019intelligence du futur, du sens, de la strat\u00e9gie \u00e0 l\u2019intelligence des \u00e9volutions et de l\u2019action mise en \u0153uvre,&nbsp;<\/li>\n\n\n\n<li><strong>L\u2019intelligence de la performance&nbsp;:<\/strong>&nbsp;de l\u2019intelligence des actions et des finalit\u00e9s avec l\u2019intelligence des acteurs, de leurs capacit\u00e9s \u00e0 s\u2019engager ensemble, \u00e0 r\u00e9aliser ensemble, \u00e0 apprendre ensemble&nbsp;;<\/li>\n\n\n\n<li><strong>L\u2019intelligence du collectif :<\/strong>&nbsp;de l\u2019intelligence des \u00eatres, des empathies, des relations et des talents pour constituer autant un collectif qu\u2019une v\u00e9ritable capacit\u00e9 \u00e0 \u00eatre et vouloir agir ensemble, de ses capacit\u00e9s \u00e0 grandir ensemble, \u00e0 se d\u00e9passer ensemble&nbsp;;<\/li>\n<\/ul>\n\n\n\n<p>Ce qui est strat\u00e9gique aujourd\u2019hui n\u2019est plus seulement la pertinence et la performance mais la capacit\u00e9 du leadership et de ce qu\u2019il engendre&nbsp;: le d\u00e9passement.<\/p>\n\n\n\n<p>Sans capacit\u00e9 d\u2019engendrer le d\u00e9passement dans votre collectif, la pertinence et la performance de votre organisation et de votre \u00e9cosyst\u00e8me, seront d\u00e9pass\u00e9es&nbsp;: par les d\u00e9fis du pr\u00e9sent et de l\u2019avenir, par d\u2019autres acteurs qui s\u2019en seront saisis avant vous.<\/p>\n\n\n\n<p>La Dynamique Collaborative est la source de puissance qui permet l\u2019activation de l\u2019ensemble durablement dans toute l\u2019organisation.<\/p>\n\n\n\n<p><strong>Une \u00ab&nbsp;agence de facilitation&nbsp;strat\u00e9gique \u00bb<\/strong><\/p>\n\n\n\n<p><strong>Qu\u2019est-ce que c\u2019est&nbsp;?<\/strong><\/p>\n\n\n\n<p>Une agence de facilitation strat\u00e9gique est compos\u00e9e de&nbsp;:<\/p>\n\n\n\n<ul class=\"wp-block-list\">\n<li>Facilitateurs Strat\u00e9giques<\/li>\n\n\n\n<li>Consultants Facilitateurs<\/li>\n\n\n\n<li>Consultants experts<\/li>\n\n\n\n<li>Facilitateurs coachs<\/li>\n\n\n\n<li>Prospectivistes<\/li>\n\n\n\n<li>Experts de domaines<\/li>\n<\/ul>\n\n\n\n<p>Une agence de facilitation strat\u00e9gique d\u00e9veloppe plusieurs natures d\u2019offre&nbsp;:<\/p>\n\n\n\n<ul class=\"wp-block-list\">\n<li>Accompagnements strat\u00e9giques<\/li>\n\n\n\n<li>D\u00e9marches collaboratives<\/li>\n\n\n\n<li>Formation pour monter en capacit\u00e9<\/li>\n\n\n\n<li>Des programmes de d\u00e9veloppement continu<\/li>\n<\/ul>\n\n\n\n<figure class=\"wp-block-image size-large\"><img data-recalc-dims=\"1\" loading=\"lazy\" decoding=\"async\" width=\"1024\" height=\"385\" src=\"https:\/\/i0.wp.com\/inprincipo2024.inprincipo.com\/wp-content\/uploads\/2025\/03\/Facilitation-Strategique-Schema.png?resize=1024%2C385&#038;ssl=1\" alt=\"\" class=\"wp-image-3137\" srcset=\"https:\/\/i0.wp.com\/inprincipo2024.inprincipo.com\/wp-content\/uploads\/2025\/03\/Facilitation-Strategique-Schema.png?resize=1024%2C385&amp;ssl=1 1024w, https:\/\/i0.wp.com\/inprincipo2024.inprincipo.com\/wp-content\/uploads\/2025\/03\/Facilitation-Strategique-Schema.png?resize=300%2C113&amp;ssl=1 300w, https:\/\/i0.wp.com\/inprincipo2024.inprincipo.com\/wp-content\/uploads\/2025\/03\/Facilitation-Strategique-Schema.png?resize=768%2C289&amp;ssl=1 768w, https:\/\/i0.wp.com\/inprincipo2024.inprincipo.com\/wp-content\/uploads\/2025\/03\/Facilitation-Strategique-Schema.png?resize=1536%2C578&amp;ssl=1 1536w, https:\/\/i0.wp.com\/inprincipo2024.inprincipo.com\/wp-content\/uploads\/2025\/03\/Facilitation-Strategique-Schema.png?w=1755&amp;ssl=1 1755w\" sizes=\"auto, (max-width: 1000px) 100vw, 1000px\" \/><\/figure>\n\n\n\n<p>Une agence de facilitation strat\u00e9gique une m\u00eame architecture d\u2019approche&nbsp;:<\/p>\n\n\n\n<p>Toute mission&nbsp;:<\/p>\n\n\n\n<ul class=\"wp-block-list\">\n<li>D\u00e9marre par un Cadrage Strat\u00e9gique (apr\u00e8s signature)<\/li>\n\n\n\n<li>Monte en puissance dans son action \/ ses actions \/ collaboratives<\/li>\n\n\n\n<li>D\u00e9livre les objectifs pr\u00e9vus<\/li>\n\n\n\n<li>\u00c9value les r\u00e9sultats et leur impact<\/li>\n\n\n\n<li>Propose des recommandations pour la suite<\/li>\n<\/ul>\n<\/div>\n\n\n\n<div class=\"wp-block-column is-layout-flow wp-block-column-is-layout-flow\" style=\"flex-basis:10%\"><\/div>\n<\/div>\n\n\n\n<div style=\"height:33px\" aria-hidden=\"true\" class=\"wp-block-spacer\"><\/div>\n\n\n\n<div class=\"wp-block-group has-ti-bg-background-color has-background is-layout-constrained wp-container-core-group-is-layout-79c9c7ea wp-block-group-is-layout-constrained\" style=\"padding-right:0;padding-left:0\">\n<div style=\"height:41px\" aria-hidden=\"true\" class=\"wp-block-spacer\"><\/div>\n\n\n\n<div class=\"wp-block-group alignwide has-ti-accent-color has-text-color has-link-color wp-elements-a48524c72e2059d497dcedb1ecfbac59 is-content-justification-center is-nowrap is-layout-flex wp-container-core-group-is-layout-23441af8 wp-block-group-is-layout-flex\">\n<div id=\"wp-block-themeisle-blocks-font-awesome-icons-08461d12\" class=\"wp-block-themeisle-blocks-font-awesome-icons\"><span class=\"wp-block-themeisle-blocks-font-awesome-icons-container\"><i class=\"fas fa-arrow-circle-right\"><\/i><\/span><\/div>\n\n\n\n<h2 class=\"wp-block-heading alignwide has-ti-accent-color has-text-color has-link-color wp-elements-75f2f67e232aea354248db67d47da3e7\">Int\u00e9ress\u00e9 ? Intrigu\u00e9 ? Curieux ? <br>Contactez-nous !<\/h2>\n<\/div>\n\n\n\n<div style=\"height:41px\" aria-hidden=\"true\" class=\"wp-block-spacer\"><\/div>\n\n\n\n<div class=\"wp-block-columns is-layout-flex wp-container-core-columns-is-layout-cf05694f wp-block-columns-is-layout-flex\">\n<div class=\"wp-block-column is-layout-flow wp-block-column-is-layout-flow\" style=\"flex-basis:100%\">\n<div id=\"wp-block-themeisle-blocks-form-346b5dd6\" class=\"wp-block-themeisle-blocks-form\" data-option-name=\"bf9b28ff82ce323187abc5d0feb0d8f07ecd8436_346b5dd6\"><form class=\"otter-form__container\">\n<div id=\"wp-block-themeisle-blocks-form-input-7a7d6f42\" class=\"wp-block-themeisle-blocks-form-input\"><label for=\"wp-block-themeisle-blocks-form-input-7a7d6f42-input\" class=\"otter-form-input-label\"><span class=\"otter-form-input-label__label\"><em>Votre pr\u00e9nom, votre nom<\/em><\/span><span class=\"required\">*<\/span><\/label><input type=\"text\" id=\"wp-block-themeisle-blocks-form-input-7a7d6f42-input\" required class=\"otter-form-input\"\/><\/div>\n\n\n\n<div id=\"wp-block-themeisle-blocks-form-input-f8745400\" class=\"wp-block-themeisle-blocks-form-input\"><label for=\"wp-block-themeisle-blocks-form-input-f8745400-input\" class=\"otter-form-input-label\"><span class=\"otter-form-input-label__label\"><em>Votre entreprise<\/em><\/span><span class=\"required\">*<\/span><\/label><input type=\"text\" id=\"wp-block-themeisle-blocks-form-input-f8745400-input\" required class=\"otter-form-input\"\/><\/div>\n\n\n\n<div id=\"wp-block-themeisle-blocks-form-input-50b2af0b\" class=\"wp-block-themeisle-blocks-form-input\"><label for=\"wp-block-themeisle-blocks-form-input-50b2af0b-input\" class=\"otter-form-input-label\"><span class=\"otter-form-input-label__label\"><em>Votre email<\/em><\/span><span class=\"required\">*<\/span><\/label><input type=\"email\" id=\"wp-block-themeisle-blocks-form-input-50b2af0b-input\" required class=\"otter-form-input\"\/><\/div>\n\n\n<div class=\"protection\" aria-hidden=\"true\"><input type=\"hidden\" id=\"wp-block-themeisle-blocks-form-346b5dd6_nonce_field\" name=\"wp-block-themeisle-blocks-form-346b5dd6_nonce_field\" value=\"79caaad2c7\" \/><input type=\"hidden\" name=\"_wp_http_referer\" value=\"\/index.php\/wp-json\/wp\/v2\/pages\/1107\" \/><input class=\"o-anti-bot\" type=\"checkbox\"><\/div>\n\n\n<div id=\"wp-block-themeisle-blocks-form-input-162629e2\" class=\"wp-block-themeisle-blocks-form-input\"><label for=\"wp-block-themeisle-blocks-form-input-162629e2-input\" class=\"otter-form-input-label\"><span class=\"otter-form-input-label__label\"><em>Votre t\u00e9l\u00e9phone<\/em><\/span><\/label><input type=\"text\" id=\"wp-block-themeisle-blocks-form-input-162629e2-input\" class=\"otter-form-input\"\/><\/div>\n\n\n\n<div id=\"wp-block-themeisle-blocks-form-textarea-fcb0e154\" class=\"wp-block-themeisle-blocks-form-textarea\"><label for=\"wp-block-themeisle-blocks-form-textarea-fcb0e154-input\" class=\"otter-form-textarea-label\"><span class=\"otter-form-textarea-label__label\"><em>Votre message<\/em><\/span><\/label><textarea id=\"wp-block-themeisle-blocks-form-textarea-fcb0e154-input\" rows=\"10\" class=\"otter-form-textarea-input\"><\/textarea><\/div>\n\n\n\n<p class=\"has-ti-accent-color has-text-color has-link-color has-extra-small-font-size wp-elements-a17176c1e7a7b6b6f6d5d99a94002762\">En soumettant ce formulaire de contact, vous acceptez que les informations saisies soient exploit\u00e9es dans le cadre de votre demande.<\/p>\n\n\n\n<p class=\"has-ti-accent-color has-text-color has-link-color has-small-font-size wp-elements-ce1b4950b9ec67c890628eeb929a4551\" style=\"margin-top:0;margin-bottom:0\">Pour conna\u00eetre et exercer vos droits, notamment de retrait de votre consentement \u00e0 l\u2019utilisation des donn\u00e9es collect\u00e9es par ce formulaire, veuillez consulter les conditions g\u00e9n\u00e9rales d\u2019utilisation li\u00e9es \u00e0 la&nbsp;<a href=\"https:\/\/www.ruptur.fr\/vos-donnees-personnelles\/\">gestion des donn\u00e9es personnelles<\/a>.<\/p>\n<div class=\"wp-block-button\"><button class=\"wp-block-button__link\" type=\"submit\">Submit<\/button><\/div><\/form><\/div>\n<\/div>\n<\/div>\n<\/div>\n","protected":false},"excerpt":{"rendered":"<p>In Principo en France www.inprincipo.com In Principo Paris60 rue de Richelieu75002 PARIS+33 1 53 05 99 75 In Principo Lyon3 cours Charlemagne69003 LYON In Principo Hauts de FranceCampus AGROTECHSquare Eug\u00e8ne Thomas&nbsp;59780 Willems&nbsp; In Principo Maine(en cours) La facilitation strat\u00e9gique est la d\u00e9marche qui int\u00e8gre l\u2019intelligence de la trajectoire d\u2019une organisation ou d\u2019un \u00e9cosyst\u00e8me \u00e0 l\u2019intelligence [&hellip;]<\/p>\n","protected":false},"author":1,"featured_media":0,"parent":0,"menu_order":0,"comment_status":"closed","ping_status":"closed","template":"wp-custom-template-pages-grande-largeur","meta":{"_themeisle_gutenberg_block_has_review":false,"footnotes":""},"class_list":["post-1107","page","type-page","status-publish","hentry"],"jetpack-related-posts":[{"id":153,"url":"https:\/\/inprincipo2024.inprincipo.com\/index.php\/quest-ce-que-la-facilitation-strategique\/","url_meta":{"origin":1107,"position":0},"title":"Qu\u2019est-ce que la facilitation strat\u00e9gique\u00a0?","author":"In Principo","date":"7 septembre 2024","format":false,"excerpt":"Faciliter, c\u2019est cr\u00e9er les conditions de l\u2019intelligence collective qui permettent \u00e0 un collectif de d\u00e9passer sa complexit\u00e9 par un saut de cr\u00e9ativit\u00e9, de performance ou de capacit\u00e9. \u00catre strat\u00e9gique, c\u2019est \u00eatre profond\u00e9ment intelligent avec la trajectoire de son organisation. Au c\u0153ur des turbulences, il nous parait indispensable d\u2019ancrer chaque d\u00e9marche\u2026","rel":"","context":"Article similaire","block_context":{"text":"Article similaire","link":""},"img":{"alt_text":"","src":"","width":0,"height":0},"classes":[]},{"id":1127,"url":"https:\/\/inprincipo2024.inprincipo.com\/index.php\/la-methode\/","url_meta":{"origin":1107,"position":1},"title":"LA M\u00c9THODE","author":"In Principo","date":"15 octobre 2024","format":false,"excerpt":"LA M\u00c9THODE LES ACCOMPAGNEMENTS LES FORMATIONS LES PROGRAMMES In Principo en France www.inprincipo.com In Principo Paris60 rue de Richelieu75002 PARIS+33 1 53 05 99 75 In Principo Lyon3 cours Charlemagne69003 LYON In Principo Hauts de FranceCampus AGROTECHSquare Eug\u00e8ne Thomas\u00a059780 Willems\u00a0 In Principo Maine(en cours) La facilitation strat\u00e9gique In Principo se\u2026","rel":"","context":"Article similaire","block_context":{"text":"Article similaire","link":""},"img":{"alt_text":"","src":"","width":0,"height":0},"classes":[]},{"id":660,"url":"https:\/\/inprincipo2024.inprincipo.com\/index.php\/lequipe\/","url_meta":{"origin":1107,"position":2},"title":"L&rsquo;\u00c9QUIPAGE","author":"In Principo","date":"18 septembre 2024","format":false,"excerpt":"Un \u00e9quipage pluridisciplinaire engag\u00e9 pour une \u00e9volution strat\u00e9gique, op\u00e9rationnelle et humaine des organisations Agence de Facilitation Strat\u00e9gique, nous sommes engag\u00e9s sur l\u2019impact de nos actions\u00a0: pertinence strat\u00e9gique, engagement des acteurs, intelligence de l\u2019action, capacit\u00e9 op\u00e9rationnelle, adaptative et \u00e9volutive de l\u2019organisation. Engag\u00e9s sur un impact durable de nos accompagnements et formations,\u2026","rel":"","context":"Article similaire","block_context":{"text":"Article similaire","link":""},"img":{"alt_text":"","src":"https:\/\/i0.wp.com\/inprincipo2024.inprincipo.com\/wp-content\/uploads\/2025\/08\/Harrie-Barron-portrait.png?resize=350%2C200&ssl=1","width":350,"height":200,"srcset":"https:\/\/i0.wp.com\/inprincipo2024.inprincipo.com\/wp-content\/uploads\/2025\/08\/Harrie-Barron-portrait.png?resize=350%2C200&ssl=1 1x, https:\/\/i0.wp.com\/inprincipo2024.inprincipo.com\/wp-content\/uploads\/2025\/08\/Harrie-Barron-portrait.png?resize=525%2C300&ssl=1 1.5x, https:\/\/i0.wp.com\/inprincipo2024.inprincipo.com\/wp-content\/uploads\/2025\/08\/Harrie-Barron-portrait.png?resize=700%2C400&ssl=1 2x"},"classes":[]},{"id":1115,"url":"https:\/\/inprincipo2024.inprincipo.com\/index.php\/les-dynamiques-collaboratives\/","url_meta":{"origin":1107,"position":3},"title":"LES DYNAMIQUES COLLABORATIVES","author":"In Principo","date":"15 octobre 2024","format":false,"excerpt":"LA FACILITATION STRAT\u00c9GIQUE TRANSITIONS, INCERTITUDES, TURBULENCES LES DYNAMIQUES COLLABORATIVES In Principo en France www.inprincipo.com In Principo Paris60 rue de Richelieu75002 PARIS+33 1 53 05 99 75 In Principo Lyon3 cours Charlemagne69003 LYON In Principo Hauts de FranceCampus AGROTECHSquare Eug\u00e8ne Thomas\u00a059780 Willems\u00a0 In Principo Maine(en cours) Dans un monde marqu\u00e9 par\u2026","rel":"","context":"Article similaire","block_context":{"text":"Article similaire","link":""},"img":{"alt_text":"","src":"https:\/\/i0.wp.com\/inprincipo2024.inprincipo.com\/wp-content\/uploads\/2025\/03\/Dynamique-Collaborative-by-In-Principo.png?resize=350%2C200&ssl=1","width":350,"height":200,"srcset":"https:\/\/i0.wp.com\/inprincipo2024.inprincipo.com\/wp-content\/uploads\/2025\/03\/Dynamique-Collaborative-by-In-Principo.png?resize=350%2C200&ssl=1 1x, https:\/\/i0.wp.com\/inprincipo2024.inprincipo.com\/wp-content\/uploads\/2025\/03\/Dynamique-Collaborative-by-In-Principo.png?resize=525%2C300&ssl=1 1.5x, https:\/\/i0.wp.com\/inprincipo2024.inprincipo.com\/wp-content\/uploads\/2025\/03\/Dynamique-Collaborative-by-In-Principo.png?resize=700%2C400&ssl=1 2x, https:\/\/i0.wp.com\/inprincipo2024.inprincipo.com\/wp-content\/uploads\/2025\/03\/Dynamique-Collaborative-by-In-Principo.png?resize=1050%2C600&ssl=1 3x"},"classes":[]},{"id":576,"url":"https:\/\/inprincipo2024.inprincipo.com\/index.php\/qui-sommes-nous\/","url_meta":{"origin":1107,"position":4},"title":"QUI SOMMES-NOUS ?","author":"In Principo","date":"18 septembre 2024","format":false,"excerpt":"QUI SOMMES-NOUS ? L'\u00c9QUIPE UN PEU D'HISTOIRE NOS PARTENAIRES In Principo en France www.inprincipo.com In Principo Paris60 rue de Richelieu75002 PARIS+33 1 53 05 99 75 In Principo Lyon3 cours Charlemagne69003 LYON In Principo Hauts de FranceCampus AGROTECHSquare Eug\u00e8ne Thomas\u00a059780 Willems\u00a0 Nous croyons, dans un monde en transition, turbulent et\u2026","rel":"","context":"Article similaire","block_context":{"text":"Article similaire","link":""},"img":{"alt_text":"","src":"","width":0,"height":0},"classes":[]},{"id":1061,"url":"https:\/\/inprincipo2024.inprincipo.com\/index.php\/un-peu-dhistoire\/","url_meta":{"origin":1107,"position":5},"title":"UN PEU D&rsquo;HISTOIRE","author":"In Principo","date":"9 octobre 2024","format":false,"excerpt":"QUI SOMMES-NOUS ? L'\u00c9QUIPE UN PEU D'HISTOIRE NOS PARTENAIRES In Principo en France www.inprincipo.com In Principo Paris60 rue de Richelieu75002 PARIS+33 1 53 05 99 75 In Principo Lyon3 cours Charlemagne69003 LYON In Principo Hauts de FranceCampus AGROTECHSquare Eug\u00e8ne Thomas\u00a059780 Willems\u00a0 In Principo Laval(en cours) Fond\u00e9e en 2002, In Principo\u2026","rel":"","context":"Article similaire","block_context":{"text":"Article similaire","link":""},"img":{"alt_text":"","src":"","width":0,"height":0},"classes":[]}],"jetpack_sharing_enabled":true,"_links":{"self":[{"href":"https:\/\/inprincipo2024.inprincipo.com\/index.php\/wp-json\/wp\/v2\/pages\/1107","targetHints":{"allow":["GET"]}}],"collection":[{"href":"https:\/\/inprincipo2024.inprincipo.com\/index.php\/wp-json\/wp\/v2\/pages"}],"about":[{"href":"https:\/\/inprincipo2024.inprincipo.com\/index.php\/wp-json\/wp\/v2\/types\/page"}],"author":[{"embeddable":true,"href":"https:\/\/inprincipo2024.inprincipo.com\/index.php\/wp-json\/wp\/v2\/users\/1"}],"replies":[{"embeddable":true,"href":"https:\/\/inprincipo2024.inprincipo.com\/index.php\/wp-json\/wp\/v2\/comments?post=1107"}],"version-history":[{"count":5,"href":"https:\/\/inprincipo2024.inprincipo.com\/index.php\/wp-json\/wp\/v2\/pages\/1107\/revisions"}],"predecessor-version":[{"id":3138,"href":"https:\/\/inprincipo2024.inprincipo.com\/index.php\/wp-json\/wp\/v2\/pages\/1107\/revisions\/3138"}],"wp:attachment":[{"href":"https:\/\/inprincipo2024.inprincipo.com\/index.php\/wp-json\/wp\/v2\/media?parent=1107"}],"curies":[{"name":"wp","href":"https:\/\/api.w.org\/{rel}","templated":true}]}}